) in base 5?
2314113413
What is -25604244 (base 7) in base 11?
-135736a
443553 (base 9) to base 6
5403120
348832 (base 9) to base 4
303033230
Convert 1202002120 (base 3) to base 16.
861c
Convert -778858 (base 15) to base 13.
-1246c28
203414232 (base 5) to base 15
119662
What is -544122 (base 6) in base 13?
-1761b
-12102122221 (base 3) to base 6
-2142554
What is -23ca04 (base 16) in base 10?
-2345476
Convert 2251077 (base 9) to base 2.
100101000100001111000
-102120515 (base 6) to base 3
-10100121111002
What is 4114412 (base 8) in base 12?
4455a2
Convert -34959 (base 12) to base 15.
-15d40
What is 3e77 (base 15) in base 8?
32113
What is -194b41 (base 12) in base 14?
-b7b45
Convert 7680 (base 15) to base 3.
1021102110
What is -32839 (base 12) in base 10?
-66861
-151625 (base 11) to base 3
-110000012100
-1000001101010111000010 (base 2) to base 4
-20031113002
4309b (base 12) to base 5
10310442
Convert -11012102001 (base 3) to base 12.
-3ba17
-377216 (base 8) to base 5
-13140302
-101212210022120 (base 3) to base 12
-1b2a543
466782 (base 9) to base 16
44801
-110120020 (base 5) to base 9
-801015
What is 11212210 (base 3) in base 16?
de6
What is 11131130 (base 4) in base 11?
15891
What is -120321231003 (base 4) in base 12?
-2229803
Convert 56d77 (base 14) to base 3.
101201201010
Convert -131000101302 (base 4) to base 5.
-3421301224
-61742 (base 10) to base 4
-33010232
Convert -15860b (base 12) to base 11.
-230989
4016056 (base 11) to base 7
114265515
What is -24241200 (base 5) in base 6?
-4514015
Convert 220111320 (base 4) to base 14.
4430c
Convert -324457 (base 8) to base 15.
-223b7
Convert -32014023 (base 5) to base 14.
-6d307
What is 101212021 (base 4) in base 3?
10122212101
Convert 19de8 (base 15) to base 13.
2c3b7
277345 (base 9) to base 5
20410122
Convert 95192 (base 14) to base 11.
226350
40261666 (base 7) to base 12
1152651
What is -112213241 (base 5) in base 11?
-317181
Convert 313314204 (base 6) to base 8.
24727434
Convert 5126050 (base 9) to base 12.
aba083
44344224 (base 5) to base 14
a12a3
Convert 1455534 (base 10) to base 6.
51110330
What is -5421268 (base 9) in base 14?
-55980c
Convert 4171e (base 16) to base 15.
5465c
What is -3121242 (base 6) in base 4?
-210301322
What is 41043301 (base 5) in base 10?
331076
Convert -23c641 (base 16) to base 11.
-1361516
Convert -3010240010 (base 5) to base 9.
-12162650
Convert 8e997 (base 16) to base 9.
1080185
What is 202410331 (base 6) in base 8?
15226617
Convert -29aa92 (base 15) to base 12.
-80b5a8
What is 1d111 (base 14) in base 6?
1331551
What is 517740 (base 8) in base 6?
3404144
30026 (base 16) to base 5
22243041
What is b5fa (base 16) in base 12?
22b62
What is 105505554 (base 6) in base 8?
7346456
What is -2534096 (base 10) in base 2?
-1001101010101011010000
What is -12312131 (base 5) in base 10?
-119666
3010211021 (base 4) to base 13
22265c
What is 13303222223 (base 4) in base 12?
82848b
What is -25240057 (base 9) in base 3?
-212021100001221
What is 21202101211 (base 3) in base 8?
452115
Convert 778da2 (base 14) to base 6.
222552310
What is -3a88408 (base 12) in base 14?
-1789132
What is -1031210302 (base 5) in base 6?
-115211501
What is 460522 (base 7) in base 14?
21bb9
What is -1001b71 (base 12) in base 13?
-808885
Convert -11314401220 (base 5) to base 7.
-215604652
What is -122001101010 (base 3) in base 10?
-335613
Convert -77359 (base 11) to base 13.
-3c112
What is 16427108 (base 9) in base 8?
37302515
Convert -46712 (base 15) to base 14.
-5ba86
What is 6dcc7 (base 15) in base 7?
2656621
What is 4412424100 (base 5) in base 3?
122212120200212
Convert 884180 (base 12) to base 16.
2103f0
What is -5540343 (base 6) in base 11?
-17a524
Convert -806808 (base 9) to base 13.
-1393ca
110100010010100110011011 (base 2) to base 5
12002121200
What is -48a4a (base 14) in base 16?
-2b5ea
What is -20a3327 (base 11) in base 14?
-6c2273
Convert -22010121112 (base 3) to base 8.
-470541
Convert -12010222120 (base 3) to base 4.
-120233013
Convert 81313 (base 10) to base 5.
10100223
Convert -5622113 (base 7) to base 12.
-295ba2
What is -6043023 (base 8) in base 11?
-997215
What is 30053122 (base 6) in base 5?
204100421
What is -1211434 (base 6) in base 13?
-23104
Convert -6616540 (base 8) to base 14.
-343840
-246563 (base 10) to base 13
-882c5
What is -4065688 (base 9) in base 12?
-8874a5
Convert -6425161 (base 9) to base 14.
-6583cd
Convert 1091447 (base 10) to base 11.
686025
452520013 (base 6) to base 10
8252937
What is 621535 (base 8) in base 11?
130575
What is -27377601 (base 8) in base 2?
-10111011111111110000001
-330120303 (base 4) to base 3
-110120022000
What is -15461882 (base 9) in base 8?
-35340503
11311 (base 4) to base 6
1421
What is -2100201211 (base 3) in base 9?
-70654
What is 312313131 (base 4) in base 6?
4452233
What is 858547 (base 13) in base 9?
5802707
-96888 (base 10) to base 12
-480a0
What is 43c46b (base 15) in base 14?
60160c
Convert 217544 (base 9) to base 2.
11111110010011111
What is 100001011110011101101000 (base 2) in base 3?
121111211202120
Convert -1154615 (base 8) to base 6.
-10451245
3ac0a (base 13) to base 15
2277b
Convert -2102021112 (base 3) to base 2.
-1011100111100100
Convert -33a698 (base 14) to base 7.
-20636551
Convert -10213321034 (base 5) to base 3.
-202002201211111
What is -212033000 (base 4) in base 10?
-156608
What is 2b01a (base 12) in base 13?
21700
Convert -27457 (base 8) to base 9.
-17511
What is -97b2bb (base 12) in base 5?
-1103412304
What is 8528176 (base 9) in base 16?
45ab75
What is -20329c6 (base 13) in base 10?
-9745378
What is -1042251 (base 6) in base 9?
-78754
-21456122 (base 8) to base 14
-880642
12123032 (base 4) to base 12
13292
688840 (base 9) to base 3
202222221100
101000011001111101 (base 2) to base 11
103386
Convert 3020101000 (base 4) to base 9.
1480201
Convert 7891 (base 13) to base 15.
4ed4
Convert -74727 (base 10) to base 9.
-123450
Convert -833a78 (base 13) to base 5.
-1241030112
What is 3515bb (base 14) in base 15?
25b1e6
-3b206 (base 12) to base 14
-219c2
Convert 859c8 (base 14) to base 15.
65a78
Convert -10111110110001000000 (base 2) to base 14.
-164a88
-603aaa (base 14) to base 12
-110151a
What is -11804157 (base 9) in base 7?
-100133014
2351a2 (base 13) to base 2
11001100111110000011
-211c57 (base 13) to base 2
-10111101010100010100
Convert -230183 (base 10) to base 16.
-38327
What is 3c235 (base 13) in base 2?
11011011100101101
-7202482 (base 10) to base 13
-1652431
What is -591992 (base 13) in base 4?
-20010323213
-de13a (base 15) to base 5
-140040110
-100323123 (base 6) to base 10
-1706235
Convert c34c (base 16) to base 4.
30031030
What is 2163411 (base 10) in base 11?
1248448
Convert 5187427 (base 10) to base 3.
100202112210221
What is 9484b (base 14) in base 4?
1113133103
What is -18b555 (base 13) in base 9?
-1152132
Convert ce4e (base 16) to base 7.
306656
What is 4102304 (base 5) in base 16?
101a2
What is 543549 (base 12) in base 2?
101000101011101001001
Convert -3030220 (base 7) to base 4.
-1113331012
463824 (base 14) to base 16
247e48
Convert -20123103332 (base 4) to base 15.
-2d97d2
What is 5306542 (base 8) in base 11?
885216
Convert -ac990 (base 14) to base 13.
-118921
2735a23 (base 12) to base 3
112122120112100
Convert 6671675 (base 8) to base 16.
1b73bd
Convert 1203130 (base 9) to base 14.
12d798
What is 484295 (base 13) in base 14?
32bc4c
-354513023 (base 6) to base 5
-3201302431
What is -1225254 (base 8) in base 7?
-2610120
Convert a2b176 (base 13) to base 4.
32132120311
-31123232221 (base 4) to base 15
-4985d4
What is 265414 (base 7) in base 9?
75451
What is -112010010 (base 4) in base 3?
-11120222010
203012231101 (base 4) to base 7
141135325
Convert 62550 (base 11) to base 7.
526540
What is 42077211 (base 8) in base 16?
887e89
10340041 (base 5) to base 9
146433
445746 (base 8) to base 2
100100101111100110
1130201424 (base 5) to base 15
360c29
What is 110230000202 (base 4) in base 6?
312123042
Convert 229365 (base 12) to base 3.
1001012120212
Convert -1336307 (base 8) to base 11.
-237555
2c9c95 (base 13) to base 2
100001110010100101001
Convert -2795 (base 15) to base 5.
-232330
Convert -557b5 (base 12) to base 14.
-2d4c9
2e6 (base 15) to base 2
1010011010
What is 18a6a (base 12) in base 7?
210124
-1020000001221201